-8221 + 9706. What is the greatest common factor of 360 and b?
45
Suppose 14*o - 1746 = 13383 - 2193. What is the greatest common factor of 1078 and o?
154
Suppose -9081 = -2*z + 5*u, 11484 + 2142 = 3*z - 3*u. Calculate the highest common factor of z and 77.
77
Let b = 6836 + -6824. What is the greatest common factor of 8868 and b?
12
Suppose -5*l = 468*w - 467*w - 99, 5*w = l - 25. Calculate the highest common factor of l and 155.
5
Let s = -492 + 742. Let k be s/6 + (-88)/132. What is the highest common divisor of k and 369?
41
Let y = 1333 + -245. What is the highest common divisor of y and 256?
64
Let i be 0/3 - (-9 + -3). Let p be (5 - -2) + 994 + -293. What is the highest common divisor of i and p?
12
Suppose 0 = -o - o + 64. Let i be ((-3)/12)/((-7)/28). Let f(h) = 19*h - 3. Let l be f(i). Calculate the greatest common factor of o and l.
16
Let d(o) = -56*o - 10. Let i be d(-1). Suppose 4*l - 3043 = 85. Calculate the highest common divisor of i and l.
46
Let b(i) = 28*i**2. Let n be b(-1). Suppose -2*g + 18 = 227*t - 223*t, -5*g - 11 = 2*t. Calculate the highest common divisor of n and t.
7
Let z be (-1 - 20)/(-3)*(-7 - -13). Let j be (-20)/190 + (-232)/(-38). Let g be (11 + -9)/(2/j). What is the greatest common divisor of z and g?
6
Let g(a) = -45 - 2*a - 94 + 185. Let u be g(-7). What is the greatest common factor of 84 and u?
12
Let n = 66 - 58. Suppose -4*f = -g - 257, -2*f + n*g - 3*g + 133 = 0. Calculate the highest common factor of f and 24.
8
Let q = -198 - -202. Suppose 0*k = 17*k - 2108. Calculate the highest common factor of q and k.
4
Let f be 18/(-35)*-7*-5. Let o be 60/(-9)*(f + (1 - 1)). Let u = -20 + 60. What is the greatest common factor of o and u?
40
Let l be 9 - (-1)/(9/(-15264)*-8). Calculate the highest common divisor of 493 and l.
17
Let b be (2*-26)/((10/(-40))/((-4)/(-16))). Suppose -3*a - 4*v = -148, -2*v + 100 = 2*a - 0*a. Calculate the greatest common factor of a and b.
52
Suppose -o + 5207 = 5*b, -3*o + 606 - 4745 = -4*b. Calculate the greatest common factor of 1352 and b.
104
Let v(x) = -5*x + 85. Suppose -2*o - 12*o = -280. Suppose -2*i + 34 = m, 0 = 3*i - 4*i - 2*m + o. Let j be v(i). What is the highest common divisor of j and 90?
5
Suppose 0 = -6*r - 3*r. Suppose r = -4*l - 119 + 339. Let y = l + -48. Calculate the greatest common factor of 7 and y.
7
Suppose -1 = 4*j - 193. Let p(t) = t**3 + 16*t**2 - 29*t - 36. Let z be p(-17). What is the highest common factor of j and z?
24
Let a = 5122 - 4052. What is the greatest common factor of 50 and a?
10
Let r(b) = -9*b + 1. Let y be r(-3). Let f = -17491 + 17453. Let o = y - f. Calculate the highest common divisor of 11 and o.
11
Suppose y = 2*y - 47. Let g = 47 - y. Suppose 0 = -4*a + 5*i + 8, g = -a - 4*i + 2. Calculate the highest common factor of a and 7.
1
Let i = -632 - -841. Suppose 10*f = -9*f + i. What is the greatest common divisor of 1078 and f?
11
Suppose s - 2*d - 48 = -3, 4*s - 4*d = 160. What is the greatest common divisor of 4725 and s?
35
Let j = 30 + -219. Let h = -183 - j. Calculate the greatest common divisor of 42 and h.
6
Let q = -7786 + 7789. Calculate the greatest common factor of 4 and q.
1
Suppose c - 1 - 4 = 0, 5*r - 2*c = 35. Suppose -7*l + 333 = h - 2*l, -2*h = -3*l - 666. What is the greatest common factor of r and h?
9
Suppose -238*y = -241*y. Suppose 3*b - 850 - 542 = y. What is the greatest common factor of b and 29?
29
Suppose -3*t - 2*a = -54 - 30, t + 2*a - 28 = 0. Let q(j) = -3130*j - 34381. Let l be q(-11). What is the greatest common divisor of t and l?
7
Suppose 0 = 4*w - 9*w, 5*w - 720 = -4*q. Suppose -8*k - 4*k = -q. What is the highest common factor of k and 30?
15
Suppose -6*i + 8 = -4*i. Suppose 10 = i*r + r. Suppose 0 = 4*c - r*c - 368. What is the highest common divisor of 23 and c?
23
Suppose -3*x + r = -22, -4*x + 21 + 3 = 4*r. Let g = 36 - 34. Let q be 0 + 2 + (63 - g). Calculate the greatest common divisor of q and x.
7
Suppose 5*l = -2*f + 427, 87*f = 88*f + 4. Calculate the highest common divisor of 2 and l.
1
Let b(m) = -m**2 + 9*m + 41. Let n be b(7). Suppose n*a = 4*a + 1071. Calculate the greatest common factor of a and 175.
7
Suppose 21*l - 24*l - 147 = 0. Let h = 65 + l. Let q(a) = -a + 6. Let s be q(4). Calculate the highest common factor of h and s.
2
Let z(r) = 67*r + 558. Let x be z(-2). What is the greatest common divisor of 24 and x?
8
Let v(j) = 816*j**3 - j**2 + 4*j + 5. Let b be v(-1). Let f = b - -886. Calculate the greatest common factor of f and 105.
35
Let w be 244/10 + 3/5. Let s be (-8)/((-12)/(-6)) - (-34)/1. Suppose 0 = -60*b + 62*b - s. Calculate the greatest common factor of w and b.
5
Suppose 77 = -5*h + 12*h. Let u(y) = -3*y + 5. Let n be u(2). Let j be 297*3*n/(-9). What is the greatest common divisor of j and h?
11
Suppose 0 = 3*v - b - 1843 + 105, 0 = -v - 3*b + 566. Calculate the greatest common factor of 34 and v.
34
Let z be -1308*((-14)/4 - -3). Suppose -z = 5*q - 2*g + 3*g, q + 150 = -5*g. Let m = -90 - q. What is the greatest common divisor of m and 8?
8
Let i be (-1 + -4)*122/(-10). Let v = i + 134. Suppose -10*t - v = -15*t. Calculate the highest common divisor of 13 and t.
13
Let n be (5 + -10)*(3 + 91/(-5)). Suppose -x + n = 48. Calculate the greatest common divisor of 280 and x.
28
Let i be (-60)/((19 - 3)/(-240)). Calculate the highest common divisor of 480 and i.
60
Suppose -2*h - h = -39. Let j = 54 + 26. Let s = -67 + j. What is the highest common divisor of h and s?
13
Suppose -i - 2512 = -4845 - 4245. What is the greatest common divisor of 23 and i?
23
Suppose 3*c + t - 9 = 0, -10*t + 7*t = 5*c - 11. Suppose -c*d = 22*d - 6786. What is the greatest common divisor of 29 and d?
29
Let u(q) = -5*q - 14. Suppose 3*p - 5 = 4*f - 8, 0 = 5*f - 3*p. Let o be u(f). What is the greatest common divisor of o and 5?
1
Let t = -1992 - -2091. What is the highest common divisor of t and 55?
11
Let y = 26 - 31. Let m(s) = 2*s**2 + 4*s - 6. Let u be m(y). Let r be (-32)/12*(-11 - -2). Calculate the highest common divisor of u and r.
24
Let j be 46/4 + (-2)/(-4). Suppose -k = 55 - 811. Suppose 6*z - k = -z. What is the greatest common factor of j and z?
12
Let f(v) = -v + 5. Suppose g + 2*g - k + 7 = 0, 2 = 2*g + k. Let q be f(g). Suppose -5 = -t + q. What is the greatest common factor of 22 and t?
11
Suppose 37 = 28*o + 569. Let q(j) = -3*j**2 - 58*j - 17. Let g be q(o). What is the highest common factor of 30 and g?
2
Suppose -2889 - 15199 = -323*b. Let j be 0/1 + (15 - -1). What is the greatest common divisor of j and b?
8
Suppose 3*v = 5*f + 53, -618*f - 12 = -615*f. Calculate the highest common divisor of v and 59.
1
Suppose -2*a - 10*a + 1944 = 0. Let p = a - 106. Let u be 2*2*(2 - 0). What is the greatest common factor of p and u?
8
Let a = 9106 - 7959. Calculate the greatest common divisor of a and 111.
37
Let n be 3036/54 + 4/(-18). Let q = 133 - n. Let u(i) = -2*i - 9. Let p be u(-10). What is the greatest common divisor of p and q?
11
Let a be 14/(-84) + (-1)/(-6). Let c be (-175)/(-5) - (a + 3). What is the highest common divisor of c and 72?
8
Suppose -258*l + 33078 = -55158. What is the greatest common divisor of l and 7011?
171
Let q be ((-3)/(9/6))/((15/(-2))/15). Suppose 65 = -3*y + 8*y. What is the greatest common factor of q and y?
1
Suppose 4*f + 2620 = 4*y, 9*y = 12*y + 2*f - 1940. What is the highest common factor of y and 221?
13
Let f = -121 + 373. Suppose 0 = -4*r - 4*b + f, -2*b = -4*r + 2*r + 146. What is the greatest common factor of 12 and r?
4
Suppose 44*g - 2337 - 39 = 0. Calculate the highest common divisor of g and 66.
6
Suppose 87*n = 21*n + 17622. Suppose 15*m - 1023 - n = 0. Calculate the highest common divisor of 430 and m.
86
Suppose -x = -2*k - k + 55, -4*x + 4*k = 220. Let m = -7 - x. Calculate the highest common factor of m and 32.
16
Suppose 21 - 183 = -18*a. Suppose 6*h + a*h = 7920. Calculate the highest common factor of 11 and h.
11
Let j(s) = 5*s**2 - 12*s - 13. Let o(t) = -5*t**2 + 11*t + 12. Let b(n) = -6*j(n) - 7*o(n). Let l be b(-2). Calculate the highest common factor of 12 and l.
12
Let f(a) = 10*a + 14*a - 23*a + 39*a**2. Let v be f(1). Let k be (-2 + 1 + 6)/(7/56). Calculate the highest common factor of k and v.
40
Supp